e 6/(-3) - 5/(15/(-21)). Suppose 2*m + 576 = 5*g, 1 = -2*m - 5. Suppose -r - 3*r = 5*w - g, f*w + 3*r = 118. What is the tens digit of w?
2
Suppose 5*x - 207 + 27 = 0. What is the tens digit of 2232/14 + x/(-84)?
5
Suppose 4*v = -3*z + 521, -v = 5*z - 8*z - 149. What is the units digit of v?
4
Suppose a + 288 = 5*a - 2*o, 0 = -4*a - 3*o + 288. Suppose -4*s = 3*f + f - a, f - 3 = -4*s. Suppose -5*j = -128 + f. What is the tens digit of j?
2
Let t(q) be the third derivative of q**6/120 - 3*q**5/20 + 5*q**4/12 + 5*q**3/6 + 5*q**2. Let u be t(8). Let a = 34 - u. What is the units digit of a?
3
Suppose 0 = -4*k + 8*k - m - 470, -2*k = -4*m - 242. Let n = k + -68. What is the units digit of n?
9
Let u(w) = 13*w**2 + 5*w - 25. What is the tens digit of u(-5)?
7
Let j be 26/10 + (-2)/(-5). Let o = j - -2. Suppose 5*v = o*k - 85, 0 = k - 4*k + 2*v + 51. What is the tens digit of k?
1
Let i(v) be the first derivative of 3 - 5*v + 7/2*v**2. What is the units digit of i(2)?
9
Let q = 22 + 1. Let z = q + -22. Let m = 20 - z. What is the units digit of m?
9
Let c = -959 + 1419. What is the tens digit of c?
6
Suppose -53 = 4*v - 65. What is the units digit of (-1)/(v/(-98)*(-12)/(-90))?
5
Suppose 3*p = -4*h + 33 - 11, p = -4*h + 18. Let w be -5*(-2)/4*5192/220. Suppose -p*s + 151 - w = 0. What is the units digit of s?
6
Let h = 25 + 89. What is the units digit of (-5)/((-10)/h) - 2?
5
Suppose -14*m - 31425 = -29*m. What is the tens digit of m?
9
Let a be 84/42*(-1 - 0) + 85. Let c(n) = n**2 - 2*n. Let r be c(2). Suppose 3*u + a - 2 = m, r = 5*m - 2*u - 366. What is the units digit of m?
2
Let u = 42 - -116. Let p = u + -78. What is the units digit of p?
0
Let g be 33/39 + 4/(-78)*-3. What is the units digit of g*(0 - 107/(-1))?
7
Suppose 0 = 86*v - 252098 - 123378. What is the hundreds digit of v?
3
What is the hundreds digit of (-3762)/(-3)*2*(-2)/(-8)?
6
Let w(j) be the second derivative of 3/2*j**2 - 8*j + 5/2*j**3 + 0. What is the units digit of w(3)?
8
Suppose -5*g = 7*g - 36. Suppose -4*c - w + 220 = 3*w, 0 = g*c - 3*w - 141. What is the units digit of c?
1
Let k = 3009 + -1962. What is the hundreds digit of k?
0
Let m be (-6)/((-16)/(-28) + -1). Suppose -m*x + 140 = -9*x. What is the units digit of x?
8
Let h be (6/5)/(2/5). Suppose -6*c = -3*p - c + 121, h*p + 2*c = 86. What is the units digit of p?
2
Suppose -4*w + 17 = -a, 2*w + a - 4 = -w. Suppose w*r - 80 = 52. Suppose -4*k + 56 = -r. What is the tens digit of k?
2
Let w = -443 - -1024. What is the hundreds digit of w?
5
Suppose -4*a = -a - 2*d - 46, -4*d + 6 = a. Let i = a - -3. Let h = -7 + i. What is the tens digit of h?
1
Suppose 0 = 2*f - 8*f + 294. What is the units digit of f?
9
What is the tens digit of 3*(9 + -6 + 7)?
3
Let b be (-2 - -2) + -7 + 5. Let n(o) = 11*o**2 + 2*o - 4. What is the units digit of n(b)?
6
Let c = -9 - -9. Let f be 0 - (-3 - c/1). Suppose 0 = -f*u - u + v + 74, 2*u - 32 = -2*v. What is the units digit of u?
8
Suppose 2*z = 5*z + 228. Let l = -8 + -2. What is the units digit of (z/20)/(2/l)?
9
Let t(v) = v**2 + 4*v - 10. Let u be t(-7). Suppose 0 = 7*y - 0*y - 525. Let r = y - u. What is the tens digit of r?
6
Let l(f) = 2*f**2 + 10*f + 1. Let q be l(-9). Suppose 75*z = q*z + 64. What is the units digit of z?
2
Suppose -72513 = -21*x + 23184. What is the hundreds digit of x?
5
Let w(n) = 24*n**2 - n - 2. Let x = -30 + 29. What is the tens digit of w(x)?
2
Let t(c) be the first derivative of c**3/3 + c**2/2 + 3*c - 2. Let h be t(-2). Suppose -2*v = h*d - d - 64, 5*v - 3*d = 147. What is the units digit of v?
0
Let z(o) = 14*o - 48. What is the tens digit of z(31)?
8
Suppose 49 = 6*z - 5*z. Suppose 4*v = -5*j + z, 3*j - 2*v - 25 = -0*j. Suppose -7*a - 116 = -j*a. What is the units digit of a?
8
Let h = 0 - 2. Let g = 491 - 501. What is the tens digit of (-778)/(-10) + h/g?
7
Let y(s) = 14*s - s**3 + 6*s - 11*s**2 + 20*s - 25*s - 7. What is the hundreds digit of y(-13)?
1
Let v(t) = -t**2 - 10*t + 11. Let u be v(-8). Let d = -17 + u. Suppose -3*g - d = 3*r - 4*r, 0 = 2*r + 3*g - 47. What is the units digit of r?
9
Let b(t) = -t**2 + 7*t - 4. Let q be b(12). Let i = -28 - q. What is the tens digit of i?
3
Let o(q) = q**2 - 8*q - 7. Let b be o(9). Suppose 5*z + 2 = -2*x + 5*x, 0 = -z + x - b. What is the tens digit of z*-7*(1 + -2)?
1
Let z = 466 - -576. What is the hundreds digit of z?
0
Let i(g) = g**3 + 11*g**2 - 12*g. Let k be i(-12). Suppose 5*p - 2*n = k, -7*p - n = -3*p - 13. What is the tens digit of -3 - (p + 11)/(-1)?
1
Suppose -2*j + 4455 = 3*z, -579 + 6508 = 4*z - j. What is the tens digit of z?
8
Let w(p) = -30*p + 2. Let r(b) = b**2 - 5*b - 5. Let d be r(6). Suppose 4*k = -i + 3*k, k - d = 0. What is the units digit of w(i)?
2
Let n be 1 - -3 - 2 - -126. What is the tens digit of 3*(-3 + n/12)?
2
Let v = -820 - -1638. What is the hundreds digit of v?
8
Suppose 2 = 7*b - 47. Suppose 0 = b*y - 0*y - 560. What is the tens digit of y?
8
Let v(b) = 2*b**2 - b - 1. Let r be v(-4). Suppose 4*q - 14 = 3*z, z - 3 = -4*q + 19. Suppose -r = -2*l - q*x, -l + x = 4*l - 47. What is the tens digit of l?
1
Suppose 0 = 34*n + 40*n - 266474. What is the thousands digit of n?
3
Suppose -2*x = -3*x - 4*f + 612, 1269 = 2*x - f. Suppose -4*p + x = 4*p. What is the units digit of p?
9
Suppose 11*w = 8*w + 45. Let g be 534/w - 8/(-20). What is the tens digit of (-70)/(-21)*g/10?
1
Let j(b) = -7*b**2 + 6*b + 2. Let t(z) = -28*z**2 + 23*z + 9. Let q(r) = -9*j(r) + 2*t(r). What is the units digit of q(6)?
4
Let y(s) = 56*s - 2. Let g be y(2). Let q = 157 - g. Let p = q - 32. What is the tens digit of p?
1
Suppose -17 = -5*n + 58. Suppose -2*w + 3*w = -n. Let z = 29 + w. What is the tens digit of z?
1
Suppose 4*f + 2*p + 2*p + 344 = 0, -3*f - 283 = -2*p. Let z = -22 + f. Let n = -73 - z. What is the tens digit of n?
4
Let r be 1 - (0 + -1)*2. Suppose -r = l - 2*x, -l + 3*l - x - 6 = 0. Suppose -l*b + 25 = -0*b, 4*b + 8 = 2*d. What is the tens digit of d?
1
Let b = 12 - 16. Let m be 2/((b + 1)/9). What is the units digit of (-8)/(-1) - (-12)/m?
6
Suppose 953 + 3086 = 7*q. What is the tens digit of q?
7
Let z(b) = -b**2 - 10*b + 13. Let d be z(-11). Suppose 0 = 3*y - 7*y + 2*t + 238, 3*t - 131 = -d*y. What is the units digit of y?
1
Let w be (-6 - 221)/1 - (0 + 1). Let k = -132 - w. What is the tens digit of k?
9
Let v be 290/(8 - 3) + 2. Suppose 0 = 5*c + 5*l - v, 0 = 4*c + l - 4*l - 27. Suppose -c*w + 11*w = 48. What is the units digit of w?
4
Let s = 1180 - 915. What is the tens digit of s?
6
Let l = 14 + 2. What is the tens digit of 4*(l - -4) - 4?
7
Let o = -141 - -101. Let x be 2/6 - o/15. Suppose a - x*a + 24 = 0. What is the tens digit of a?
1
Let d(f) be the first derivative of f**3 + f + 9. Let v be d(1). Suppose -3*h + 0*h - v*x = -9, -h + 3 = -x. What is the units digit of h?
3
Let y(r) = 1 - 1 - 18*r**2 + 29*r**2 + 3 + r. Suppose 0 = -2*q - 5*l - 24, -4*q - 6*l + l = 28. What is the tens digit of y(q)?
4
Let n(l) = l + 347. Let r be n(0). Suppose 2*h = 5*x - r, 296 = 4*x + 5*h - 8. What is the units digit of x?
1
Suppose 3*u = 4*f + 959, 0 = u + f - 147 - 175. What is the tens digit of u?
2
Let c(o) = 4*o**2 - 21*o - 43. What is the hundreds digit of c(14)?
4
Let c(a) = a**3 + 4*a**2 - 9*a - 17. Let f be c(-5). Let z(t) = -2 + 9*t + 1 + 0. What is the units digit of z(f)?
6
Let w be (-6)/27 + 2/9. Suppose -4658 = y - b - 669, w = -3*y - b - 11947. What is the tens digit of 2/10 - y/80?
5
Let j be (-1)/(((-9)/6)/3). Let d(v) = 88 + 5*v - 82 - j*v. What is the tens digit of d(4)?
1
Suppose -i = -0*j - 2*j + 20, 3*j - 44 = -2*i. Suppose -j = -z - 61. Let k = z - -83. What is the units digit of k?
4
Let o be (-4)/6*3/2. Let p(l) = 14*l - 2. Let j be p(o). Let f = 23 + j. What is the units digit of f?
7
Let k = -168 - -170. What is the tens digit of 56/(-35)*(2 + (-89)/k)?
6
Let w(n) = 24*n**2 - 6*n - 9. Let h(u) = -1 - 2 - 1 + 12*u**2 - 3*u + 0. Let k(z) = 5*h(z) - 2*w(z). What is the units digit of k(-2)?
2
Let d be 96/18 + -6 - (-7)/(-3). What is the units digit of (-513)/(-7) + (-19)/(-7) + d?
3
Let p(a) be the third derivative of a**6/120 - a**5/10 + a**4/24 - 8*a**3/3 + 11*a**2. What is the units digit of p(7)?
0
Suppose 2*g = 6*g + 3*u - 2071, -u + 1557 = 3*g. Suppos